is the remainder when 1342458 is divided by 1216?
1210
What is the remainder when 725 is divided by 61?
54
Calculate the remainder when 872 is divided by 36.
8
What is the remainder when 1683 is divided by 365?
223
Calculate the remainder when 10818 is divided by 2692.
50
Calculate the remainder when 1141595 is divided by 76.
75
What is the remainder when 19908 is divided by 22?
20
What is the remainder when 1983 is divided by 364?
163
Calculate the remainder when 7307 is divided by 391.
269
Calculate the remainder when 76709 is divided by 322.
73
Calculate the remainder when 316559 is divided by 166.
163
What is the remainder when 2022 is divided by 5?
2
What is the remainder when 5654 is divided by 807?
5
What is the remainder when 372 is divided by 13?
8
What is the remainder when 561 is divided by 355?
206
What is the remainder when 3146 is divided by 386?
58
What is the remainder when 5834 is divided by 1683?
785
What is the remainder when 17465 is divided by 596?
181
What is the remainder when 143029 is divided by 19?
16
What is the remainder when 364894 is divided by 168?
166
What is the remainder when 97885 is divided by 437?
434
What is the remainder when 7079 is divided by 228?
11
Calculate the remainder when 197456 is divided by 301.
0
Calculate the remainder when 2414303 is divided by 249.
248
What is the remainder when 3197 is divided by 1054?
35
What is the remainder when 42000 is divided by 97?
96
What is the remainder when 383 is divided by 4?
3
Calculate the remainder when 132960 is divided by 86.
4
What is the remainder when 3121849 is divided by 27?
1
What is the remainder when 420357 is divided by 22124?
1
What is the remainder when 4790 is divided by 26?
6
Calculate the remainder when 5176 is divided by 370.
366
What is the remainder when 35713 is divided by 8863?
261
What is the remainder when 559932 is divided by 69991?
4
What is the remainder when 2377 is divided by 1156?
65
Calculate the remainder when 71713 is divided by 15.
13
What is the remainder when 2606 is divided by 2488?
118
Calculate the remainder when 387 is divided by 207.
180
What is the remainder when 51276 is divided by 25622?
32
Calculate the remainder when 4634 is divided by 87.
23
Calculate the remainder when 12908 is divided by 853.
113
What is the remainder when 28528 is divided by 809?
213
Calculate the remainder when 2762 is divided by 402.
350
What is the remainder when 24345 is divided by 83?
26
What is the remainder when 46994 is divided by 241?
240
Calculate the remainder when 292022 is divided by 29.
21
Calculate the remainder when 108118 is divided by 54037.
44
Calculate the remainder when 1208 is divided by 199.
14
What is the remainder when 3923 is divided by 58?
37
Calculate the remainder when 10532 is divided by 220.
192
Calculate the remainder when 18846 is divided by 1345.
16
Calculate the remainder when 4909 is divided by 4654.
255
Calculate the remainder when 65990 is divided by 156.
2
Calculate the remainder when 3841 is divided by 214.
203
What is the remainder when 1196 is divided by 160?
76
What is the remainder when 23021 is divided by 307?
303
What is the remainder when 2886 is divided by 77?
37
What is the remainder when 30881 is divided by 60?
41
Calculate the remainder when 32069 is divided by 21.
2
What is the remainder when 543 is divided by 94?
73
What is the remainder when 40068 is divided by 111?
108
What is the remainder when 9821 is divided by 123?
104
What is the remainder when 13487 is divided by 4490?
17
Calculate the remainder when 31257 is divided by 21.
9
Calculate the remainder when 923 is divided by 28.
27
What is the remainder when 16586 is divided by 257?
138
What is the remainder when 137378 is divided by 355?
348
What is the remainder when 4672775 is divided by 18?
11
Calculate the remainder when 212454 is divided by 22.
0
What is the remainder when 13098 is divided by 262?
260
What is the remainder when 1090 is divided by 1081?
9
What is the remainder when 879488 is divided by 125640?
8
What is the remainder when 40600 is divided by 269?
250
Calculate the remainder when 191307 is divided by 169.
168
What is the remainder when 1063 is divided by 83?
67
What is the remainder when 97663 is divided by 32550?
13
What is the remainder when 686 is divided by 570?
116
Calculate the remainder when 24781 is divided by 801.
751
What is the remainder when 46818 is divided by 2601?
0
What is the remainder when 600 is divided by 173?
81
What is the remainder when 1194843 is divided by 194?
191
What is the remainder when 1445225 is divided by 3?
2
Calculate the remainder when 105909 is divided by 26469.
33
What is the remainder when 6921 is divided by 87?
48
Calculate the remainder when 466307 is divided by 3643.
3
What is the remainder when 1174317 is divided by 112?
109
What is the remainder when 36400 is divided by 29?
5
What is the remainder when 37571 is divided by 87?
74
Calculate the remainder when 14214 is divided by 114.
78
Calculate the remainder when 56233 is divided by 345.
343
Calculate the remainder when 135502 is divided by 22.
4
What is the remainder when 19296 is divided by 6432?
0
Calculate the remainder when 9278 is divided by 868.
598
Calculate the remainder when 9993 is divided by 1425.
18
Calculate the remainder when 2453 is divided by 39.
35
Calculate the remainder when 1195 is divided by 54.
7
Calculate the remainder when 254361 is divided by 18.
3
What is the remainder when 802 is divided by 269?
264
Calculate the remainder when 212927 is divided by 8.
7
Calculate the remainder when 548562 is divided by 421.
420
Calculate the remainder when 36865 is divided by 88.
81
What is the remainder when 44381 is divided by 26?
25
What is the remainder when 38378 is divided by 38376?
2
Calculate the remainder when 28516 is divided by 49.
47
What is the remainder when 17568 is divided by 164?
20
Calculate the remainder when 11487 is divided by 3574.
765
What is the remainder when 997047 is divided by 1659?
1647
What is the remainder when 302327 is divided by 221?
220
Calculate the remainder when 297911 is divided by 8275.
11
What is the remainder when 126419 is divided by 21068?
11
Calculate the remainder when 8017 is divided by 22.
9
What is the remainder when 53103 is divided by 247?
245
What is the remainder when 23579 is divided by 4663?
264
Calculate the remainder when 143353 is divided by 263.
18
Calculate the remainder when 479862 is divided by 29.
28
What is the remainder when 80814 is divided by 674?
608
What is the remainder when 912 is divided by 221?
28
Calculate the remainder when 190657 is divided by 54.
37
What is the remainder when 2226 is divided by 203?
196
What is the remainder when 11586 is divided by 21?
15
What is the remainder when 153690 is divided by 28?
26
What is the remainder when 5286 is divided by 12?
6
What is the remainder when 87696 is divided by 8?
0
What is the remainder when 198 is divided by 38?
8
Calculate the remainder when 2121 is divided by 795.
531
What is the remainder when 16517 is divided by 1124?
781
Calculate the remainder when 19123 is divided by 525.
223
What is the remainder when 6201 is divided by 684?
45
Calculate the remainder when 635265 is divided by 382.
381
What is the remainder when 10889 is divided by 752?
361
Calculate the remainder when 74032 is divided by 301.
287
What is the remainder when 45338 is divided by 158?
150
Calculate the remainder when 43835 is divided by 313.
15
Calculate the remainder when 348428 is divided by 238.
234
What is the remainder when 125929 is divided by 5037?
4
What is the remainder when 45170 is divided by 20?
10
What is the remainder when 8254 is divided by 835?
739
Calculate the remainder when 10733 is divided by 1341.
5
Calculate the remainder when 327329 is divided by 81832.
1
Calculate the remainder when 12794 is divided by 87.
5
What is the remainder when 36824 is divided by 5191?
487
Calculate the remainder when 8774 is divided by 239.
170
What is the remainder when 26841 is divided by 6699?
45
Calculate the remainder when 20007 is divided by 1332.
27
What is the remainder when 639 is divided by 89?
16
What is the remainder when 86587 is divided by 86519?
68
What is the remainder when 34704 is divided by 10